ime factors of 221298102.
2, 3, 4098113
What are the prime factors of 2006904076?
2, 89, 109, 51719
What are the prime factors of 4841714905?
5, 4877, 198553
List the prime factors of 2517817.
107, 23531
What are the prime factors of 89185692?
2, 3, 7432141
What are the prime factors of 30429087?
3, 13, 780233
List the prime factors of 103737593.
157, 223, 2963
List the prime factors of 700150803.
3, 11, 179, 118529
What are the prime factors of 1210163482?
2, 11, 55007431
What are the prime factors of 455134239?
3, 7, 313, 23081
List the prime factors of 3882811911.
3, 11, 117660967
What are the prime factors of 882363112?
2, 110295389
List the prime factors of 225055610.
2, 5, 13, 133169
List the prime factors of 665730990.
2, 3, 5, 769, 9619
What are the prime factors of 2824400817?
3, 7, 487, 13151
List the prime factors of 265373488.
2, 16585843
What are the prime factors of 3798907207?
79, 48087433
What are the prime factors of 54860291?
107, 512713
What are the prime factors of 915236884?
2, 23, 37, 67, 4013
List the prime factors of 43444713.
3, 13, 313, 3559
List the prime factors of 207559613.
17, 23, 530843
What are the prime factors of 1431020360?
2, 5, 7, 11, 464617
What are the prime factors of 119907432?
2, 3, 181, 3067
List the prime factors of 104615385.
3, 5, 7, 23, 43319
What are the prime factors of 242330821?
1163, 208367
List the prime factors of 50676269.
7, 17, 425851
List the prime factors of 356745608.
2, 44593201
List the prime factors of 68863829.
68863829
What are the prime factors of 56805222?
2, 3, 9467537
What are the prime factors of 36413204?
2, 9103301
What are the prime factors of 40800505?
5, 19, 23, 71, 263
List the prime factors of 3133295233.
43, 72867331
What are the prime factors of 2752069486?
2, 41, 73, 167, 2753
What are the prime factors of 192923442?
2, 3, 10717969
List the prime factors of 29257493.
17, 67, 1511
What are the prime factors of 71676393?
3, 83, 287857
List the prime factors of 381559766.
2, 7, 379, 10273
What are the prime factors of 1781297797?
229, 7778593
List the prime factors of 3155147873.
421, 7494413
What are the prime factors of 620177367?
3, 206725789
List the prime factors of 67114018.
2, 33557009
List the prime factors of 121474824.
2, 3, 79, 811
List the prime factors of 120590695.
5, 367, 65717
What are the prime factors of 2156706909?
3, 7, 1451, 23593
List the prime factors of 74020809.
3, 24673603
List the prime factors of 504429750.
2, 3, 5, 11, 89, 229
What are the prime factors of 394805778?
2, 3, 137, 480299
List the prime factors of 1236955803.
3, 19, 21700979
What are the prime factors of 2770274854?
2, 1385137427
List the prime factors of 80211480.
2, 3, 5, 107, 6247
List the prime factors of 101620676.
2, 139, 193, 947
What are the prime factors of 1854454174?
2, 223, 401, 10369
What are the prime factors of 97175873?
139, 163, 4289
What are the prime factors of 76665282?
2, 3, 12777547
What are the prime factors of 734353312?
2, 7, 11, 29, 43, 239
What are the prime factors of 586182453?
3, 37, 41, 151, 853
What are the prime factors of 262802695?
5, 52560539
List the prime factors of 248858695.
5, 49771739
What are the prime factors of 230112247?
230112247
List the prime factors of 701063140.
2, 5, 19, 31, 59513
What are the prime factors of 1502664954?
2, 3, 7, 2441, 14657
List the prime factors of 785239047.
3, 1613, 54091
What are the prime factors of 28463917?
149, 191033
List the prime factors of 244067423.
97, 1291, 1949
List the prime factors of 540259165.
5, 31, 59, 59077
List the prime factors of 333357962.
2, 7, 41, 580763
List the prime factors of 15089800.
2, 5, 11, 19
List the prime factors of 456719821.
47, 9717443
What are the prime factors of 217841168?
2, 13615073
What are the prime factors of 597635038?
2, 7, 11, 13, 22963
What are the prime factors of 11420857?
7, 23, 70937
What are the prime factors of 956627962?
2, 478313981
List the prime factors of 68474449.
68474449
List the prime factors of 102406236.
2, 3, 8533853
What are the prime factors of 47537796?
2, 3, 103, 38461
What are the prime factors of 2862710014?
2, 761, 1880887
List the prime factors of 498133323.
3, 55348147
What are the prime factors of 467582502?
2, 3, 23, 3388279
What are the prime factors of 64037461?
67, 257, 3719
What are the prime factors of 2978687223?
3, 110321749
List the prime factors of 2253961274.
2, 1126980637
What are the prime factors of 95158602?
2, 3, 7, 11, 71, 967
What are the prime factors of 1100157515?
5, 3209, 68567
What are the prime factors of 29874012?
2, 3, 7, 355643
What are the prime factors of 2784008249?
11, 349, 443, 1637
What are the prime factors of 2154492773?
17, 126734869
List the prime factors of 2160367114.
2, 103, 10487219
What are the prime factors of 177059458?
2, 1303, 67943
List the prime factors of 83270180.
2, 5, 7, 41, 89, 163
List the prime factors of 27011169.
3, 41, 71, 1031
List the prime factors of 34134120.
2, 3, 5, 53, 1789
What are the prime factors of 101951811?
3, 13, 71, 4091
List the prime factors of 72622196.
2, 18155549
List the prime factors of 348799767.
3, 73, 1592693
What are the prime factors of 63183694?
2, 7, 199, 22679
List the prime factors of 196056045.
3, 5, 161363
List the prime factors of 2588124827.
2588124827
List the prime factors of 3679428245.
5, 227, 14281
List the prime factors of 2772461728.
2, 17, 5096437
What are the prime factors of 23911647?
3, 7970549
What are the prime factors of 874665248?
2, 31, 79, 11161
List the prime factors of 611069345.
5, 43, 79, 35977
What are the prime factors of 960064958?
2, 47, 10213457
What are the prime factors of 2497217330?
2, 5, 249721733
What are the prime factors of 62705486?
2, 17, 157, 691
What are the prime factors of 6125955313?
6125955313
What are the prime factors of 105295588?
2, 26323897
List the prime factors of 151370020.
2, 5, 7568501
List the prime factors of 150038880.
2, 3, 5, 312581
What are the prime factors of 35845292?
2, 7, 743, 1723
List the prime factors of 312448592.
2, 439, 44483
List the prime factors of 180063171.
3, 19, 71, 14831
What are the prime factors of 224010845?
5, 919, 48751
List the prime factors of 484034817.
3, 7, 61, 79, 4783
What are the prime factors of 600660501?
3, 7, 53, 539677
What are the prime factors of 2128003760?
2, 5, 29, 917243
List the prime factors of 4052825283.
3, 13, 101, 229, 4493
List the prime factors of 2472967272.
2, 3, 73, 137, 10303
List the prime factors of 57416711.
11, 37, 141073
What are the prime factors of 439467689?
1621, 271109
List the prime factors of 507204549.
3, 1993, 28277
What are the prime factors of 125513183?
19, 181, 36497
List the prime factors of 6036009.
3, 7, 83, 3463
What are the prime factors of 1725574833?
3, 173, 41047
List the prime factors of 71305353.
3, 7, 67, 1877
What are the prime factors of 4089349167?
3, 17, 80183317
List the prime factors of 71885902.
2, 11, 23, 142067
List the prime factors of 41853483.
3, 7, 221447
What are the prime factors of 51056008?
2, 29, 31, 229
List the prime factors of 258512000.
2, 5, 107, 151
List the prime factors of 71621349.
3, 521, 45823
What are the prime factors of 45315976?
2, 5664497
List the prime factors of 608992393.
41, 193, 76961
List the prime factors of 7706699476.
2, 7, 275239267
List the prime factors of 132378875.
5, 181, 5851
What are the prime factors of 159233822?
2, 11, 79, 8329
What are the prime factors of 74565553?
17, 1093, 4013
What are the prime factors of 124520095?
5, 7, 1483, 2399
List the prime factors of 242986033.
242986033
List the prime factors of 306354363.
3, 7, 53, 275251
List the prime factors of 1052442164.
2, 67, 1597, 2459
List the prime factors of 1030908053.
7, 1277, 115327
What are the prime factors of 1392508394?
2, 37, 139, 331, 409
What are the prime factors of 4564169257?
4564169257
What are the prime factors of 6411645183?
3, 17, 125718533
What are the prime factors of 43761096?
2, 3, 263, 2311
What are the prime factors of 347334609?
3, 115778203
List the prime factors of 10156757.
13, 29, 929
What are the prime factors of 71309230?
2, 5, 127, 56149
List the prime factors of 2693937907.
73, 1669, 22111
List the prime factors of 2141608578.
2, 3, 356934763
